{"id":36,"date":"2021-01-02T18:59:45","date_gmt":"2021-01-02T17:59:45","guid":{"rendered":"http:\/\/serwer2037619.home.pl\/serwer2037619\/?page_id=36"},"modified":"2025-12-14T19:58:38","modified_gmt":"2025-12-14T18:58:38","slug":"strona-glowna","status":"publish","type":"page","link":"https:\/\/mapakompresory.pl\/","title":{"rendered":"Strona g\u0142\u00f3wna"},"content":{"rendered":"\n\t<section class=\"section\" id=\"section_856264286\">\n\t\t<div class=\"bg section-bg fill bg-fill  bg-loaded\" >\n\n\t\t\t\n\t\t\t\n\t\t\t\n\t<div class=\"is-border\"\n\t\tstyle=\"border-width:0px 0px 0px 0px;margin:0 0px 0px 0px;\">\n\t<\/div>\n\n\t\t<\/div>\n\n\t\t\n\n\t\t<div class=\"section-content relative\">\n\t\t\t\n\n<div class=\"row row-collapse row-full-width align-middle\"  id=\"row-443984699\">\n\n\n\t<div id=\"col-731015456\" class=\"col medium-6 small-12 large-6\"  >\n\t\t\t\t<div class=\"col-inner\"  >\n\t\t\t\n\t<div class=\"is-border\"\n\t\tstyle=\"border-width:0px 0px 0px 0px;margin:0px 0px 0px 0px;\">\n\t<\/div>\n\t\t\t\n\n<h2>Wynajem spr\u0119\u017carek<\/h2>\n<p style=\"text-align: justify;\">Jeste\u015bmy tu by pom\u00f3c Ci w kryzysowej sytuacji i zapewni\u0107 spr\u0119\u017cone powietrze. Posiadamy w ofercie spr\u0119\u017carki o r\u00f3\u017cnej mocy od renomowanych producent\u00f3w. Wynajmujemy te\u017c osuszacze spr\u0119\u017conego powietrza. Po wi\u0119cej informacji zapraszam do kontaktu telefonicznego. Zapewniamy fachowe doradztwo.<\/p>\n<a href=\"https:\/\/mapakompresory.pl\/?page_id=347\" target=\"_self\" class=\"button success is-outline lowercase\"  style=\"border-radius:4px;\">\n    <span>Czytaj wi\u0119cej o wynajmie<\/span>\n  <\/a>\n\n\n\n\t\t<\/div>\n\t\t\t\t\n<style>\n#col-731015456 > .col-inner {\n  padding: 49px 10% 28px 10%;\n  margin: 0px 0px -6px 0px;\n}\n@media (min-width:550px) {\n  #col-731015456 > .col-inner {\n    padding: 0px 8% 17px 30%;\n    margin: 0px 0px 0 0px;\n  }\n}\n<\/style>\n\t<\/div>\n\n\t\n\n\t<div id=\"col-1375118838\" class=\"col medium-4 small-12 large-4 small-col-first\"  >\n\t\t\t\t<div class=\"col-inner\"  >\n\t\t\t\n\t\t\t\n\n\n  <div class=\"banner has-hover\" id=\"banner-285877529\">\n          <div class=\"banner-inner fill\">\n        <div class=\"banner-bg fill\" >\n            <div class=\"bg fill bg-fill \"><\/div>\n                                    \n\t<div class=\"is-border\"\n\t\tstyle=\"border-width:0px 0px 0px 0px;margin:0 0px 0px 0px;\">\n\t<\/div>\n                    <\/div>\n\t\t\n        <div class=\"banner-layers container\">\n            <div class=\"fill banner-link\"><\/div>            \n\n   <div id=\"text-box-1942422354\" class=\"text-box banner-layer x50 md-x50 lg-x50 y50 md-y50 lg-y50 res-text\">\n                                <div class=\"text-box-content text dark\">\n              \n              <div class=\"text-inner text-center\">\n                  \n\n\n              <\/div>\n           <\/div>\n                            \n<style>\n#text-box-1942422354 {\n  width: 60%;\n}\n#text-box-1942422354 .text-box-content {\n  font-size: 100%;\n}\n@media (min-width:550px) {\n  #text-box-1942422354 {\n    width: 60%;\n  }\n}\n<\/style>\n    <\/div>\n \n\n        <\/div>\n      <\/div>\n\n            \n<style>\n#banner-285877529 {\n  padding-top: 251px;\n  background-color: rgb(247, 245, 244);\n}\n#banner-285877529 .bg.bg-loaded {\n  background-image: url(https:\/\/mapakompresory.pl\/wp-content\/uploads\/2022\/05\/1-1-e1652375461234.jpg);\n}\n#banner-285877529 .bg {\n  background-position: 26% 0%;\n}\n#banner-285877529 .ux-shape-divider--top svg {\n  height: 150px;\n  --divider-top-width: 100%;\n}\n#banner-285877529 .ux-shape-divider--bottom svg {\n  height: 150px;\n  --divider-width: 100%;\n}\n@media (min-width:550px) {\n  #banner-285877529 {\n    padding-top: 450px;\n  }\n}\n@media (min-width:850px) {\n  #banner-285877529 {\n    padding-top: 438px;\n  }\n}\n<\/style>\n  <\/div>\n\n\n\n\t\t<\/div>\n\t\t\t\t\n<style>\n#col-1375118838 > .col-inner {\n  padding: 0px 0px 0px px;\n  margin: -1px 0px -40px 3px;\n}\n<\/style>\n\t<\/div>\n\n\t\n\n<\/div>\n<div class=\"row row-collapse row-full-width align-middle\"  id=\"row-1688298247\">\n\n\n\t<div id=\"col-1941412233\" class=\"col medium-6 small-12 large-6\"  >\n\t\t\t\t<div class=\"col-inner\"  >\n\t\t\t\n\t\t\t\n\n\n  <div class=\"banner has-hover\" id=\"banner-276957635\">\n          <div class=\"banner-inner fill\">\n        <div class=\"banner-bg fill\" >\n            <div class=\"bg fill bg-fill \"><\/div>\n                                    \n                    <\/div>\n\t\t\n        <div class=\"banner-layers container\">\n            <div class=\"fill banner-link\"><\/div>            \n\n   <div id=\"text-box-1501217095\" class=\"text-box banner-layer x50 md-x50 lg-x50 y50 md-y50 lg-y50 res-text\">\n                                <div class=\"text-box-content text dark\">\n              \n              <div class=\"text-inner text-center\">\n                  \n\n\n              <\/div>\n           <\/div>\n                            \n<style>\n#text-box-1501217095 {\n  width: 60%;\n}\n#text-box-1501217095 .text-box-content {\n  font-size: 100%;\n}\n@media (min-width:550px) {\n  #text-box-1501217095 {\n    width: 60%;\n  }\n}\n<\/style>\n    <\/div>\n \n\n        <\/div>\n      <\/div>\n\n            \n<style>\n#banner-276957635 {\n  padding-top: 230px;\n  background-color: rgb(247, 245, 244);\n}\n#banner-276957635 .bg.bg-loaded {\n  background-image: url(https:\/\/mapakompresory.pl\/wp-content\/uploads\/2022\/05\/2-1024x1024.jpg);\n}\n#banner-276957635 .bg {\n  background-position: 71% 27%;\n}\n#banner-276957635 .ux-shape-divider--top svg {\n  height: 150px;\n  --divider-top-width: 100%;\n}\n#banner-276957635 .ux-shape-divider--bottom svg {\n  height: 150px;\n  --divider-width: 100%;\n}\n@media (min-width:550px) {\n  #banner-276957635 {\n    padding-top: 450px;\n  }\n}\n@media (min-width:850px) {\n  #banner-276957635 {\n    padding-top: 424px;\n  }\n}\n<\/style>\n  <\/div>\n\n\n\n\t\t<\/div>\n\t\t\t\t\n<style>\n#col-1941412233 > .col-inner {\n  padding: 24px 10% 47px 10%;\n  margin: 0px 0px -25px 0px;\n}\n@media (min-width:550px) {\n  #col-1941412233 > .col-inner {\n    padding: 0px 10% 98px 30%;\n  }\n}\n<\/style>\n\t<\/div>\n\n\t\n\n\t<div id=\"col-1290186061\" class=\"col medium-6 small-12 large-6 small-col-first\"  >\n\t\t\t\t<div class=\"col-inner\"  >\n\t\t\t\n\t\t\t\n\n<h2>Instalacje pneumatyczne<\/h2>\n<p>\u015awiadczymy r\u00f3wnie\u017c us\u0142ugi monta\u017cu spr\u0119\u017carek, oraz modernizacji\/modyfikacji sieci spr\u0119\u017conego powietrza. Skontaktuj si\u0119 z nami w celu om\u00f3wienia szczeg\u00f3\u0142\u00f3w, poniewa\u017c ka\u017cda instalacja ma inne wymagania.<\/p>\n<a href=\"https:\/\/mapakompresory.pl\/?page_id=408\" target=\"_self\" class=\"button success is-outline lowercase\"  style=\"border-radius:4px;\">\n    <span>Czytaj wi\u0119cej o monta\u017cach<\/span>\n  <\/a>\n\n\n\n\t\t<\/div>\n\t\t\t\t\n<style>\n#col-1290186061 > .col-inner {\n  padding: 0px 17% 0px 5px;\n  margin: 0px 0px 0px 22px;\n}\n@media (min-width:550px) {\n  #col-1290186061 > .col-inner {\n    padding: 0px 30% 0px 0px;\n  }\n}\n<\/style>\n\t<\/div>\n\n\t\n\n<\/div>\n<div class=\"row row-collapse row-full-width align-middle\"  id=\"row-1621140207\">\n\n\n\t<div id=\"col-846495366\" class=\"col medium-6 small-12 large-6\"  >\n\t\t\t\t<div class=\"col-inner\"  >\n\t\t\t\n\t\t\t\n\n<h2>Nasze realizacje<\/h2>\n<p style=\"text-align: justify;\">Specjalizujemy si\u0119 w bran\u017cy spr\u0119\u017conego powietrza. Realizujemy projekty z zakresu instalacji pneumatycznych i wentylacji dla zak\u0142ad\u00f3w przemys\u0142owych. Zaufa\u0142o nam ju\u017c wielu klient\u00f3w. Dzi\u0119ki do\u015bwiadczeniu, odpowiednim kwalifikacjom i uprawnieniom jeste\u015bmy w stanie realizowa\u0107 wymagaj\u0105ce projekty.\u00a0<\/p>\n<a href=\"https:\/\/mapakompresory.pl\/?page_id=566\" target=\"_self\" class=\"button success is-outline lowercase\"  style=\"border-radius:4px;\">\n    <span>Czytaj wi\u0119cej o realizacjach<\/span>\n  <\/a>\n\n\n\n\t\t<\/div>\n\t\t\t\t\n<style>\n#col-846495366 > .col-inner {\n  padding: 0px 0px 0px 25%;\n  margin: 0px 0px -70px -61px;\n}\n@media (min-width:550px) {\n  #col-846495366 > .col-inner {\n    padding: 0px 0px 0px 30%;\n    margin: 0px 0px -69px 0px;\n  }\n}\n<\/style>\n\t<\/div>\n\n\t\n\n\t<div id=\"col-105294192\" class=\"col medium-5 small-12 large-5\"  >\n\t\t\t\t<div class=\"col-inner\"  >\n\t\t\t\n\t\t\t\n\n  <div class=\"banner-grid-wrapper\">\n  <div id=\"banner-grid-1164955255\" class=\"banner-grid row row-grid row-small\" data-packery-options=\"\">\n                      \n\n<div class=\"col grid-col large-6 grid-col-2-3\" ><div class=\"col-inner\">\n\n\t<div class=\"img has-hover x md-x lg-x y md-y lg-y\" id=\"image_821284143\">\n\t\t\t\t\t\t\t\t<div class=\"img-inner dark\" >\n\t\t\t<img loading=\"lazy\" decoding=\"async\" width=\"768\" height=\"1024\" src=\"https:\/\/mapakompresory.pl\/wp-content\/uploads\/2023\/10\/1697836580390-768x1024.jpg\" class=\"attachment-large size-large\" alt=\"\" srcset=\"https:\/\/mapakompresory.pl\/wp-content\/uploads\/2023\/10\/1697836580390-768x1024.jpg 768w, https:\/\/mapakompresory.pl\/wp-content\/uploads\/2023\/10\/1697836580390-225x300.jpg 225w, https:\/\/mapakompresory.pl\/wp-content\/uploads\/2023\/10\/1697836580390-1152x1536.jpg 1152w, https:\/\/mapakompresory.pl\/wp-content\/uploads\/2023\/10\/1697836580390-1536x2048.jpg 1536w, https:\/\/mapakompresory.pl\/wp-content\/uploads\/2023\/10\/1697836580390-scaled.jpg 1920w\" sizes=\"(max-width: 768px) 100vw, 768px\" \/>\t\t\t\t\t\t\n\t\t\t\t\t<\/div>\n\t\t\t\t\t\t\t\t\n<style>\n#image_821284143 {\n  width: 100%;\n}\n<\/style>\n\t<\/div>\n\t\n\n\n<\/div><\/div>\n<div class=\"col grid-col large-6 grid-col-1-2\" ><div class=\"col-inner\">\n\n\t<div class=\"img has-hover x md-x lg-x y md-y lg-y\" id=\"image_1051462379\">\n\t\t\t\t\t\t\t\t<div class=\"img-inner dark\" >\n\t\t\t<img loading=\"lazy\" decoding=\"async\" width=\"1020\" height=\"765\" src=\"https:\/\/mapakompresory.pl\/wp-content\/uploads\/2022\/11\/IMG-1637-1024x768.jpg\" class=\"attachment-large size-large\" alt=\"\" srcset=\"https:\/\/mapakompresory.pl\/wp-content\/uploads\/2022\/11\/IMG-1637-1024x768.jpg 1024w, https:\/\/mapakompresory.pl\/wp-content\/uploads\/2022\/11\/IMG-1637-300x225.jpg 300w, https:\/\/mapakompresory.pl\/wp-content\/uploads\/2022\/11\/IMG-1637-768x576.jpg 768w, https:\/\/mapakompresory.pl\/wp-content\/uploads\/2022\/11\/IMG-1637-1536x1152.jpg 1536w, https:\/\/mapakompresory.pl\/wp-content\/uploads\/2022\/11\/IMG-1637-2048x1536.jpg 2048w\" sizes=\"(max-width: 1020px) 100vw, 1020px\" \/>\t\t\t\t\t\t\n\t\t\t\t\t<\/div>\n\t\t\t\t\t\t\t\t\n<style>\n#image_1051462379 {\n  width: 100%;\n}\n<\/style>\n\t<\/div>\n\t\n\n\n<\/div><\/div>\n<div class=\"col grid-col large-3 grid-col-1-2\" ><div class=\"col-inner\">\n\n\t<div class=\"img has-hover x md-x lg-x y md-y lg-y\" id=\"image_910186112\">\n\t\t\t\t\t\t\t\t<div class=\"img-inner dark\" >\n\t\t\t<img loading=\"lazy\" decoding=\"async\" width=\"1020\" height=\"1020\" src=\"https:\/\/mapakompresory.pl\/wp-content\/uploads\/2023\/10\/20220519_094706-1024x1024.jpg\" class=\"attachment-large size-large\" alt=\"\" srcset=\"https:\/\/mapakompresory.pl\/wp-content\/uploads\/2023\/10\/20220519_094706-1024x1024.jpg 1024w, https:\/\/mapakompresory.pl\/wp-content\/uploads\/2023\/10\/20220519_094706-300x300.jpg 300w, https:\/\/mapakompresory.pl\/wp-content\/uploads\/2023\/10\/20220519_094706-150x150.jpg 150w, https:\/\/mapakompresory.pl\/wp-content\/uploads\/2023\/10\/20220519_094706-768x768.jpg 768w, https:\/\/mapakompresory.pl\/wp-content\/uploads\/2023\/10\/20220519_094706-1536x1536.jpg 1536w, https:\/\/mapakompresory.pl\/wp-content\/uploads\/2023\/10\/20220519_094706-2048x2048.jpg 2048w\" sizes=\"(max-width: 1020px) 100vw, 1020px\" \/>\t\t\t\t\t\t\n\t\t\t\t\t<\/div>\n\t\t\t\t\t\t\t\t\n<style>\n#image_910186112 {\n  width: 100%;\n}\n<\/style>\n\t<\/div>\n\t\n\n\n<\/div><\/div>\n<div class=\"col grid-col large-3 grid-col-1-2\" ><div class=\"col-inner\">\n\n\t<div class=\"img has-hover x md-x lg-x y md-y lg-y\" id=\"image_1568442367\">\n\t\t\t\t\t\t\t\t<div class=\"img-inner dark\" >\n\t\t\t<img loading=\"lazy\" decoding=\"async\" width=\"732\" height=\"980\" src=\"https:\/\/mapakompresory.pl\/wp-content\/uploads\/2023\/10\/3-1.jpg\" class=\"attachment-large size-large\" alt=\"\" srcset=\"https:\/\/mapakompresory.pl\/wp-content\/uploads\/2023\/10\/3-1.jpg 732w, https:\/\/mapakompresory.pl\/wp-content\/uploads\/2023\/10\/3-1-224x300.jpg 224w\" sizes=\"(max-width: 732px) 100vw, 732px\" \/>\t\t\t\t\t\t\n\t\t\t\t\t<\/div>\n\t\t\t\t\t\t\t\t\n<style>\n#image_1568442367 {\n  width: 100%;\n}\n<\/style>\n\t<\/div>\n\t\n\n\n<\/div><\/div>\n<div class=\"col grid-col large-6 grid-col-1-3\" ><div class=\"col-inner\">\n\n\t<div class=\"img has-hover x md-x lg-x y md-y lg-y\" id=\"image_611962966\">\n\t\t\t\t\t\t\t\t<div class=\"img-inner dark\" >\n\t\t\t<img loading=\"lazy\" decoding=\"async\" width=\"947\" height=\"1024\" src=\"https:\/\/mapakompresory.pl\/wp-content\/uploads\/2023\/10\/1697836871287-scaled-e1697886690746-947x1024.jpg\" class=\"attachment-large size-large\" alt=\"\" srcset=\"https:\/\/mapakompresory.pl\/wp-content\/uploads\/2023\/10\/1697836871287-scaled-e1697886690746-947x1024.jpg 947w, https:\/\/mapakompresory.pl\/wp-content\/uploads\/2023\/10\/1697836871287-scaled-e1697886690746-277x300.jpg 277w, https:\/\/mapakompresory.pl\/wp-content\/uploads\/2023\/10\/1697836871287-scaled-e1697886690746-768x831.jpg 768w, https:\/\/mapakompresory.pl\/wp-content\/uploads\/2023\/10\/1697836871287-scaled-e1697886690746.jpg 1382w\" sizes=\"(max-width: 947px) 100vw, 947px\" \/>\t\t\t\t\t\t\n\t\t\t\t\t<\/div>\n\t\t\t\t\t\t\t\t\n<style>\n#image_611962966 {\n  width: 100%;\n}\n<\/style>\n\t<\/div>\n\t\n\n\n<\/div><\/div>\n\n            <\/div>\n    <style>\n    #banner-grid-1164955255 .grid-col-1{height: 600px}\n    #banner-grid-1164955255 .grid-col-1-2{height: 300px}\n    #banner-grid-1164955255 .grid-col-1-3{height:200px}\n    #banner-grid-1164955255 .grid-col-2-3{height: 400px}\n    #banner-grid-1164955255 .grid-col-1-4{height: 150px}\n    #banner-grid-1164955255 .grid-col-3-4{height: 450px}\n\n\n    \n    \n\n  <\/style>\n    <\/div>\n  \n\n\t\t<\/div>\n\t\t\t\t\n<style>\n#col-105294192 > .col-inner {\n  padding: 74px 10% 83px 10%;\n  margin: 0px 0px -30px 0px;\n}\n@media (min-width:550px) {\n  #col-105294192 > .col-inner {\n    padding: 0px 20% 74px 1%;\n    margin: 0px 0px 5px 0px;\n  }\n}\n<\/style>\n\t<\/div>\n\n\t\n\n<\/div>\n<div class=\"row row-collapse row-full-width align-middle\"  id=\"row-2067784041\">\n\n\n\t<div id=\"col-2116365277\" class=\"col medium-6 small-12 large-6\"  >\n\t\t\t\t<div class=\"col-inner\"  >\n\t\t\t\n\t\t\t\n\n\n  <div class=\"banner has-hover\" id=\"banner-1164030698\">\n          <div class=\"banner-inner fill\">\n        <div class=\"banner-bg fill\" >\n            <div class=\"bg fill bg-fill \"><\/div>\n                                    \n                    <\/div>\n\t\t\n        <div class=\"banner-layers container\">\n            <div class=\"fill banner-link\"><\/div>            \n\n   <div id=\"text-box-1880477777\" class=\"text-box banner-layer x50 md-x50 lg-x50 y50 md-y50 lg-y50 res-text\">\n                                <div class=\"text-box-content text dark\">\n              \n              <div class=\"text-inner text-center\">\n                  \n\n\n              <\/div>\n           <\/div>\n                            \n<style>\n#text-box-1880477777 {\n  width: 60%;\n}\n#text-box-1880477777 .text-box-content {\n  font-size: 100%;\n}\n@media (min-width:550px) {\n  #text-box-1880477777 {\n    width: 60%;\n  }\n}\n<\/style>\n    <\/div>\n \n\n        <\/div>\n      <\/div>\n\n            \n<style>\n#banner-1164030698 {\n  padding-top: 230px;\n  background-color: rgb(247, 245, 244);\n}\n#banner-1164030698 .bg.bg-loaded {\n  background-image: url(https:\/\/mapakompresory.pl\/wp-content\/uploads\/2025\/12\/zbiornik.webp);\n}\n#banner-1164030698 .bg {\n  background-position: 71% 27%;\n}\n#banner-1164030698 .ux-shape-divider--top svg {\n  height: 150px;\n  --divider-top-width: 100%;\n}\n#banner-1164030698 .ux-shape-divider--bottom svg {\n  height: 150px;\n  --divider-width: 100%;\n}\n@media (min-width:550px) {\n  #banner-1164030698 {\n    padding-top: 450px;\n  }\n}\n@media (min-width:850px) {\n  #banner-1164030698 {\n    padding-top: 424px;\n  }\n}\n<\/style>\n  <\/div>\n\n\n\n\t\t<\/div>\n\t\t\t\t\n<style>\n#col-2116365277 > .col-inner {\n  padding: 24px 10% 47px 10%;\n  margin: 0px 0px -3px 0px;\n}\n@media (min-width:550px) {\n  #col-2116365277 > .col-inner {\n    padding: 0px 10% 98px 30%;\n  }\n}\n<\/style>\n\t<\/div>\n\n\t\n\n\t<div id=\"col-566118297\" class=\"col medium-6 small-12 large-6 small-col-first\"  >\n\t\t\t\t<div class=\"col-inner\"  >\n\t\t\t\n\t\t\t\n\n<h2>Zbiorniki spr\u0119\u017conego powietrza<\/h2>\n<p>Oferujemy <strong data-start=\"955\" data-end=\"1004\">zbiorniki spr\u0119\u017conego powietrza nowe i u\u017cywane<\/strong> dla przemys\u0142u, warsztat\u00f3w i firm produkcyjnych.<\/p>\n<a href=\"https:\/\/mapakompresory.pl\/?page_id=1136\" target=\"_self\" class=\"button success is-outline lowercase\"  style=\"border-radius:4px;\">\n    <span>Czytaj wi\u0119cej o zbiornikach<\/span>\n  <\/a>\n\n\n\n\t\t<\/div>\n\t\t\t\t\n<style>\n#col-566118297 > .col-inner {\n  padding: 0px 17% 0px 5px;\n  margin: 0px 0px 0px 22px;\n}\n@media (min-width:550px) {\n  #col-566118297 > .col-inner {\n    padding: 0px 30% 0px 0px;\n  }\n}\n<\/style>\n\t<\/div>\n\n\t\n\n<\/div>\n\n\t\t<\/div>\n\n\t\t\n<style>\n#section_856264286 {\n  padding-top: 0px;\n  padding-bottom: 0px;\n  margin-bottom: 0px;\n  min-height: 0px;\n  background-color: rgb(247, 245, 244);\n}\n#section_856264286 .ux-shape-divider--top svg {\n  height: 150px;\n  --divider-top-width: 100%;\n}\n#section_856264286 .ux-shape-divider--bottom svg {\n  height: 150px;\n  --divider-width: 100%;\n}\n<\/style>\n\t<\/section>\n\t\n\n","protected":false},"excerpt":{"rendered":"","protected":false},"author":1,"featured_media":0,"parent":0,"menu_order":0,"comment_status":"closed","ping_status":"closed","template":"page-blank.php","meta":{"footnotes":""},"_links":{"self":[{"href":"https:\/\/mapakompresory.pl\/index.php?rest_route=\/wp\/v2\/pages\/36"}],"collection":[{"href":"https:\/\/mapakompresory.pl\/index.php?rest_route=\/wp\/v2\/pages"}],"about":[{"href":"https:\/\/mapakompresory.pl\/index.php?rest_route=\/wp\/v2\/types\/page"}],"author":[{"embeddable":true,"href":"https:\/\/mapakompresory.pl\/index.php?rest_route=\/wp\/v2\/users\/1"}],"replies":[{"embeddable":true,"href":"https:\/\/mapakompresory.pl\/index.php?rest_route=%2Fwp%2Fv2%2Fcomments&post=36"}],"version-history":[{"count":95,"href":"https:\/\/mapakompresory.pl\/index.php?rest_route=\/wp\/v2\/pages\/36\/revisions"}],"predecessor-version":[{"id":1151,"href":"https:\/\/mapakompresory.pl\/index.php?rest_route=\/wp\/v2\/pages\/36\/revisions\/1151"}],"wp:attachment":[{"href":"https:\/\/mapakompresory.pl\/index.php?rest_route=%2Fwp%2Fv2%2Fmedia&parent=36"}],"curies":[{"name":"wp","href":"https:\/\/api.w.org\/{rel}","templated":true}]}}