{"id":666,"date":"2023-10-20T21:56:05","date_gmt":"2023-10-20T19:56:05","guid":{"rendered":"https:\/\/serwer2037619.home.pl\/serwer2037619\/?page_id=666"},"modified":"2024-07-21T18:29:55","modified_gmt":"2024-07-21T16:29:55","slug":"666-2","status":"publish","type":"page","link":"https:\/\/mapakompresory.pl\/?page_id=666","title":{"rendered":"Uprawnienia"},"content":{"rendered":"\n\t<section class=\"section\" id=\"section_2039959216\">\n\t\t<div class=\"bg section-bg fill bg-fill  bg-loaded\" >\n\n\t\t\t\n\t\t\t\n\t\t\t\n\n\t\t<\/div>\n\n\t\t\n\n\t\t<div class=\"section-content relative\">\n\t\t\t\n\n<div class=\"row align-middle\"  id=\"row-1508872579\">\n\n\n\t<div id=\"col-177418556\" class=\"col medium-5 small-12 large-5\"  >\n\t\t\t\t<div class=\"col-inner\"  >\n\t\t\t\n\t\t\t\n\n\t<div class=\"img has-hover x md-x lg-x y md-y lg-y\" id=\"image_824230793\">\n\t\t\t\t\t\t\t\t<div class=\"img-inner dark\" >\n\t\t\t<img loading=\"lazy\" decoding=\"async\" width=\"571\" height=\"767\" src=\"https:\/\/mapakompresory.pl\/wp-content\/uploads\/2023\/10\/Przechwytywanie.jpg\" class=\"attachment-large size-large\" alt=\"\" srcset=\"https:\/\/mapakompresory.pl\/wp-content\/uploads\/2023\/10\/Przechwytywanie.jpg 571w, https:\/\/mapakompresory.pl\/wp-content\/uploads\/2023\/10\/Przechwytywanie-223x300.jpg 223w\" sizes=\"(max-width: 571px) 100vw, 571px\" \/>\t\t\t\t\t\t\n\t\t\t\t\t<\/div>\n\t\t\t\t\t\t\t\t\n<style>\n#image_824230793 {\n  width: 100%;\n}\n<\/style>\n\t<\/div>\n\t\n\n\t<div class=\"img has-hover x md-x lg-x y md-y lg-y\" id=\"image_943753513\">\n\t\t\t\t\t\t\t\t<div class=\"img-inner dark\" >\n\t\t\t<img loading=\"lazy\" decoding=\"async\" width=\"1011\" height=\"639\" src=\"https:\/\/mapakompresory.pl\/wp-content\/uploads\/2024\/07\/SkanuprawnieniaUDT.jpeg\" class=\"attachment-large size-large\" alt=\"\" srcset=\"https:\/\/mapakompresory.pl\/wp-content\/uploads\/2024\/07\/SkanuprawnieniaUDT.jpeg 1011w, https:\/\/mapakompresory.pl\/wp-content\/uploads\/2024\/07\/SkanuprawnieniaUDT-300x190.jpeg 300w, https:\/\/mapakompresory.pl\/wp-content\/uploads\/2024\/07\/SkanuprawnieniaUDT-768x485.jpeg 768w\" sizes=\"(max-width: 1011px) 100vw, 1011px\" \/>\t\t\t\t\t\t\n\t\t\t\t\t<\/div>\n\t\t\t\t\t\t\t\t\n<style>\n#image_943753513 {\n  width: 100%;\n}\n<\/style>\n\t<\/div>\n\t\n\n\t<div class=\"img has-hover x md-x lg-x y md-y lg-y\" id=\"image_361233426\">\n\t\t\t\t\t\t\t\t<div class=\"img-inner dark\" >\n\t\t\t<img loading=\"lazy\" decoding=\"async\" width=\"1011\" height=\"639\" src=\"https:\/\/mapakompresory.pl\/wp-content\/uploads\/2024\/07\/SkanuprawnieniaUDT2.jpeg\" class=\"attachment-large size-large\" alt=\"\" srcset=\"https:\/\/mapakompresory.pl\/wp-content\/uploads\/2024\/07\/SkanuprawnieniaUDT2.jpeg 1011w, https:\/\/mapakompresory.pl\/wp-content\/uploads\/2024\/07\/SkanuprawnieniaUDT2-300x190.jpeg 300w, https:\/\/mapakompresory.pl\/wp-content\/uploads\/2024\/07\/SkanuprawnieniaUDT2-768x485.jpeg 768w\" sizes=\"(max-width: 1011px) 100vw, 1011px\" \/>\t\t\t\t\t\t\n\t\t\t\t\t<\/div>\n\t\t\t\t\t\t\t\t\n<style>\n#image_361233426 {\n  width: 100%;\n}\n<\/style>\n\t<\/div>\n\t\n\n\n\t\t<\/div>\n\t\t\t\t\t<\/div>\n\n\t\n\n\t<div id=\"col-587946026\" class=\"col medium-7 small-12 large-7\"  >\n\t\t\t\t<div class=\"col-inner\"  >\n\t\t\t\n\t\t\t\n\n\t<div id=\"text-1674653773\" class=\"text\">\n\t\t\n\n<h3>Nasze uprawnienia i certyfikaty<\/h3>\n\t\t\n<style>\n#text-1674653773 {\n  font-size: 2.5rem;\n  line-height: 0.75;\n}\n<\/style>\n\t<\/div>\n\t\n<p><strong>Do wykonywania naszej pracy posiadamy wymagane uprawnienia, s\u0105 to:<\/strong><\/p>\n<h6>-\u015awiadectwo kwalifikacyjne uprawniaj\u0105ce do zajmowania si\u0119 eksploatacj\u0105 urz\u0105dze\u0144, instalacji i sieci\u00a0<\/h6>\n<h6>-uprawnienia UDT na podno\u015bniki<\/h6>\n<h6>-uprawnienia UDT na w\u00f3zki wid\u0142owe<\/h6>\n<h6>-szkolenie praktyczne i teoretyczne z zakresu systemu Geberit Mapress<\/h6>\n<h6>\u00a0<\/h6>\n<div class=\"row\"  id=\"row-767530122\">\n\n\n\t<div id=\"col-1154088225\" class=\"col medium-6 small-12 large-6\"  >\n\t\t\t\t<div class=\"col-inner\"  >\n\t\t\t\n\t\t\t\n\n\t<div class=\"img has-hover x md-x lg-x y md-y lg-y\" id=\"image_1183412203\">\n\t\t<a class=\"\" href=\"https:\/\/serwer2037619.home.pl\/serwer2037619\/wp-content\/uploads\/2023\/10\/sep-roz-tekst-1.jpg\"  >\t\t\t\t\t\t<div class=\"img-inner dark\" >\n\t\t\t<img loading=\"lazy\" decoding=\"async\" width=\"1020\" height=\"716\" src=\"https:\/\/mapakompresory.pl\/wp-content\/uploads\/2024\/07\/Skanuprawnienia2-1-1024x719.jpeg\" class=\"attachment-large size-large\" alt=\"\" srcset=\"https:\/\/mapakompresory.pl\/wp-content\/uploads\/2024\/07\/Skanuprawnienia2-1-1024x719.jpeg 1024w, https:\/\/mapakompresory.pl\/wp-content\/uploads\/2024\/07\/Skanuprawnienia2-1-300x211.jpeg 300w, https:\/\/mapakompresory.pl\/wp-content\/uploads\/2024\/07\/Skanuprawnienia2-1-768x540.jpeg 768w, https:\/\/mapakompresory.pl\/wp-content\/uploads\/2024\/07\/Skanuprawnienia2-1-1536x1079.jpeg 1536w, https:\/\/mapakompresory.pl\/wp-content\/uploads\/2024\/07\/Skanuprawnienia2-1.jpeg 1748w\" sizes=\"(max-width: 1020px) 100vw, 1020px\" \/>\t\t\t\t\t\t\n\t\t\t\t\t<\/div>\n\t\t\t\t\t\t<\/a>\t\t\n<style>\n#image_1183412203 {\n  width: 100%;\n}\n<\/style>\n\t<\/div>\n\t\n\n\n\t\t<\/div>\n\t\t\t\t\t<\/div>\n\n\t\n\n\t<div id=\"col-1897162520\" class=\"col medium-6 small-12 large-6\"  >\n\t\t\t\t<div class=\"col-inner\"  >\n\t\t\t\n\t\t\t\n\n\t<div class=\"img has-hover x md-x lg-x y md-y lg-y\" id=\"image_2074724953\">\n\t\t<a class=\"\" href=\"https:\/\/serwer2037619.home.pl\/serwer2037619\/wp-content\/uploads\/2023\/10\/sep-niebieski.jpg\"  >\t\t\t\t\t\t<div class=\"img-inner dark\" >\n\t\t\t<img loading=\"lazy\" decoding=\"async\" width=\"1020\" height=\"716\" src=\"https:\/\/mapakompresory.pl\/wp-content\/uploads\/2024\/07\/Skanuprawnienia-1024x719.jpeg\" class=\"attachment-large size-large\" alt=\"\" srcset=\"https:\/\/mapakompresory.pl\/wp-content\/uploads\/2024\/07\/Skanuprawnienia-1024x719.jpeg 1024w, https:\/\/mapakompresory.pl\/wp-content\/uploads\/2024\/07\/Skanuprawnienia-300x211.jpeg 300w, https:\/\/mapakompresory.pl\/wp-content\/uploads\/2024\/07\/Skanuprawnienia-768x540.jpeg 768w, https:\/\/mapakompresory.pl\/wp-content\/uploads\/2024\/07\/Skanuprawnienia-1536x1079.jpeg 1536w, https:\/\/mapakompresory.pl\/wp-content\/uploads\/2024\/07\/Skanuprawnienia.jpeg 1748w\" sizes=\"(max-width: 1020px) 100vw, 1020px\" \/>\t\t\t\t\t\t\n\t\t\t\t\t<\/div>\n\t\t\t\t\t\t<\/a>\t\t\n<style>\n#image_2074724953 {\n  width: 100%;\n}\n<\/style>\n\t<\/div>\n\t\n\n\n\t\t<\/div>\n\t\t\t\t\t<\/div>\n\n\t\n\n<\/div>\n\t<div class=\"img has-hover x md-x lg-x y md-y lg-y\" id=\"image_177795593\">\n\t\t<a class=\"\" href=\"https:\/\/serwer2037619.home.pl\/serwer2037619\/wp-content\/uploads\/2023\/10\/certyfikat-geberitt.jpg\"  >\t\t\t\t\t\t<div class=\"img-inner dark\" >\n\t\t\t<img loading=\"lazy\" decoding=\"async\" width=\"724\" height=\"1024\" src=\"https:\/\/mapakompresory.pl\/wp-content\/uploads\/2023\/10\/certyfikat-geberitt.jpg\" class=\"attachment-large size-large\" alt=\"\" \/>\t\t\t\t\t\t\n\t\t\t\t\t<\/div>\n\t\t\t\t\t\t<\/a>\t\t\n<style>\n#image_177795593 {\n  width: 100%;\n}\n<\/style>\n\t<\/div>\n\t\n\n\n\t\t<\/div>\n\t\t\t\t\n<style>\n#col-587946026 > .col-inner {\n  padding: 0px 1% 0px 1%;\n}\n@media (min-width:550px) {\n  #col-587946026 > .col-inner {\n    padding: 0px 2% 0px 2%;\n  }\n}\n@media (min-width:850px) {\n  #col-587946026 > .col-inner {\n    padding: 0px 0px 0px 10%;\n  }\n}\n<\/style>\n\t<\/div>\n\n\t\n\n<\/div>\n\n\t\t<\/div>\n\n\t\t\n<style>\n#section_2039959216 {\n  padding-top: 30px;\n  padding-bottom: 30px;\n}\n#section_2039959216 .ux-shape-divider--top svg {\n  height: 150px;\n  --divider-top-width: 100%;\n}\n#section_2039959216 .ux-shape-divider--bottom svg {\n  height: 150px;\n  --divider-width: 100%;\n}\n<\/style>\n\t<\/section>\n\t\n\n","protected":false},"excerpt":{"rendered":"","protected":false},"author":1,"featured_media":0,"parent":0,"menu_order":0,"comment_status":"closed","ping_status":"closed","template":"","meta":{"footnotes":""},"_links":{"self":[{"href":"https:\/\/mapakompresory.pl\/index.php?rest_route=\/wp\/v2\/pages\/666"}],"collection":[{"href":"https:\/\/mapakompresory.pl\/index.php?rest_route=\/wp\/v2\/pages"}],"about":[{"href":"https:\/\/mapakompresory.pl\/index.php?rest_route=\/wp\/v2\/types\/page"}],"author":[{"embeddable":true,"href":"https:\/\/mapakompresory.pl\/index.php?rest_route=\/wp\/v2\/users\/1"}],"replies":[{"embeddable":true,"href":"https:\/\/mapakompresory.pl\/index.php?rest_route=%2Fwp%2Fv2%2Fcomments&post=666"}],"version-history":[{"count":14,"href":"https:\/\/mapakompresory.pl\/index.php?rest_route=\/wp\/v2\/pages\/666\/revisions"}],"predecessor-version":[{"id":1106,"href":"https:\/\/mapakompresory.pl\/index.php?rest_route=\/wp\/v2\/pages\/666\/revisions\/1106"}],"wp:attachment":[{"href":"https:\/\/mapakompresory.pl\/index.php?rest_route=%2Fwp%2Fv2%2Fmedia&parent=666"}],"curies":[{"name":"wp","href":"https:\/\/api.w.org\/{rel}","templated":true}]}}